{"id":985,"date":"2021-01-24T19:24:38","date_gmt":"2021-01-24T18:24:38","guid":{"rendered":"http:\/\/kuchniaklemensa.pl\/?page_id=985"},"modified":"2021-01-26T15:51:32","modified_gmt":"2021-01-26T14:51:32","slug":"salatki","status":"publish","type":"page","link":"https:\/\/www.kuchniaklemensa.pl\/?page_id=985","title":{"rendered":"Sa\u0142atki"},"content":{"rendered":"\n<div class=\"wp-block-columns is-layout-flex wp-container-core-columns-is-layout-9d6595d7 wp-block-columns-is-layout-flex\">\n<div class=\"wp-block-column is-layout-flow wp-block-column-is-layout-flow\">\n<div class=\"wp-block-cover has-background-dim\" style=\"background-image:url(https:\/\/kuchniaklemensa.pl\/wp-content\/uploads\/2021\/01\/IMG_20180818_181629-1.jpg)\"><div class=\"wp-block-cover__inner-container is-layout-flow wp-block-cover-is-layout-flow\">\n<p class=\"has-text-align-center has-large-font-size\"><a href=\"https:\/\/kuchniaklemensa.pl\/?p=754\" data-type=\"post\" data-id=\"754\"><span class=\"has-inline-color has-white-color\">Sa\u0142atka wykwintna (z gruszk\u0105, kozim serem, orzechami)<\/span><\/a><\/p>\n<\/div><\/div>\n<\/div>\n\n\n\n<div class=\"wp-block-column is-layout-flow wp-block-column-is-layout-flow\">\n<div class=\"wp-block-cover has-background-dim\" style=\"background-image:url(https:\/\/kuchniaklemensa.pl\/wp-content\/uploads\/2021\/01\/IMG_20190206_211025-1.jpg)\"><div class=\"wp-block-cover__inner-container is-layout-flow wp-block-cover-is-layout-flow\">\n<p class=\"has-text-align-center has-large-font-size\"><a href=\"https:\/\/kuchniaklemensa.pl\/?p=140\" data-type=\"post\" data-id=\"140\"><span class=\"has-inline-color has-white-color\">Sa\u0142atka do pracy<\/span><\/a><\/p>\n<\/div><\/div>\n<\/div>\n\n\n\n<div class=\"wp-block-column is-layout-flow wp-block-column-is-layout-flow\">\n<div class=\"wp-block-cover has-background-dim\" style=\"background-image:url(https:\/\/kuchniaklemensa.pl\/wp-content\/uploads\/2021\/01\/00100dPORTRAIT_00100_BURST20200405145056981_COVER-2.jpg)\"><div class=\"wp-block-cover__inner-container is-layout-flow wp-block-cover-is-layout-flow\">\n<p class=\"has-text-align-center has-large-font-size\"><a href=\"https:\/\/kuchniaklemensa.pl\/?p=692\" data-type=\"post\" data-id=\"692\"><span class=\"has-inline-color has-white-color\">Sa\u0142atka wiejska<\/span><\/a><\/p>\n<\/div><\/div>\n<\/div>\n<\/div>\n\n\n\n<hr class=\"wp-block-separator\"\/>\n\n\n\n<div class=\"wp-block-columns is-layout-flex wp-container-core-columns-is-layout-9d6595d7 wp-block-columns-is-layout-flex\">\n<div class=\"wp-block-column is-layout-flow wp-block-column-is-layout-flow\">\n<div class=\"wp-block-cover has-background-dim\" style=\"background-image:url(https:\/\/kuchniaklemensa.pl\/wp-content\/uploads\/2021\/01\/IMG_20190626_202548.jpg)\"><div class=\"wp-block-cover__inner-container is-layout-flow wp-block-cover-is-layout-flow\">\n<p class=\"has-text-align-center has-large-font-size\"><a href=\"https:\/\/kuchniaklemensa.pl\/?p=734\" data-type=\"post\" data-id=\"734\"><span class=\"has-inline-color has-white-color\">Szybka sa\u0142atka z \u0142ososiem<\/span><\/a><\/p>\n<\/div><\/div>\n<\/div>\n\n\n\n<div class=\"wp-block-column is-layout-flow wp-block-column-is-layout-flow\">\n<div class=\"wp-block-cover has-background-dim\" style=\"background-image:url(https:\/\/kuchniaklemensa.pl\/wp-content\/uploads\/2021\/01\/00100dPORTRAIT_00100_BURST20191019145919253_COVER.jpg)\"><div class=\"wp-block-cover__inner-container is-layout-flow wp-block-cover-is-layout-flow\">\n<p class=\"has-text-align-center has-large-font-size\"><a href=\"https:\/\/kuchniaklemensa.pl\/?p=725\" data-type=\"post\" data-id=\"725\"><span class=\"has-inline-color has-white-color\">Sa\u0142atka makaronowa<\/span><\/a><\/p>\n<\/div><\/div>\n<\/div>\n\n\n\n<div class=\"wp-block-column is-layout-flow wp-block-column-is-layout-flow\"><\/div>\n<\/div>\n","protected":false},"excerpt":{"rendered":"","protected":false},"author":1,"featured_media":0,"parent":0,"menu_order":0,"comment_status":"closed","ping_status":"closed","template":"","meta":{"footnotes":""},"class_list":["post-985","page","type-page","status-publish","hentry","eq-blocks"],"jetpack_sharing_enabled":true,"jetpack-related-posts":[{"id":979,"url":"https:\/\/www.kuchniaklemensa.pl\/?page_id=979","url_meta":{"origin":985,"position":0},"title":"Przystawki","author":"damiankordian","date":"24 stycznia, 2021","format":false,"excerpt":"Kr\u0105\u017cki cebulowe z serem Zapiekanki Hummus Chipsy z jarmu\u017cu Pasta z fasoli Pasta z fasoli 2 Sma\u017cone kanie (schabowe) Tosty Krem z makreli Krokiety Currywurst Focaccia \u015aled\u017a w \u015bmietanie","rel":"","context":"Similar post","block_context":{"text":"Similar post","link":""},"img":{"alt_text":"","src":"","width":0,"height":0},"classes":[]},{"id":965,"url":"https:\/\/www.kuchniaklemensa.pl\/?page_id=965","url_meta":{"origin":985,"position":1},"title":"Przepisy","author":"damiankordian","date":"24 stycznia, 2021","format":false,"excerpt":"\u015aniadanie Przystawki Zupy Dania g\u0142\u00f3wne Sa\u0142atki Fast Food Kolacja Wypieki Napoje Dodatki do da\u0144 Post dr D\u0105browskiej","rel":"","context":"Similar post","block_context":{"text":"Similar post","link":""},"img":{"alt_text":"","src":"","width":0,"height":0},"classes":[]},{"id":981,"url":"https:\/\/www.kuchniaklemensa.pl\/?page_id=981","url_meta":{"origin":985,"position":2},"title":"Dania g\u0142\u00f3wne","author":"damiankordian","date":"24 stycznia, 2021","format":false,"excerpt":"Pikantny makaron z tu\u0144czykiem Schabowy Indyk w marynacie jogurtowej Kotlety mielone z grzybami Domowe burgery z indyka Roladki schabowe Kurczak tika masala Delikatny schabowy Potrawka z kurczka po azjatycku Kurczak z kuskusem i warzywami Roladki z indyka Leczo grzybowe Nale\u015bniki Ko\u0142duny, czyli kartacze Kotleciki z twarogu Falafel Pierogi z kapust\u0105\u2026","rel":"","context":"Similar post","block_context":{"text":"Similar post","link":""},"img":{"alt_text":"","src":"","width":0,"height":0},"classes":[]},{"id":987,"url":"https:\/\/www.kuchniaklemensa.pl\/?page_id=987","url_meta":{"origin":985,"position":3},"title":"Kolacja","author":"damiankordian","date":"24 stycznia, 2021","format":false,"excerpt":"Par\u00f3wki w boczku Zapiekane ciabaty z duszon\u0105 papryk\u0105 Zapiekanki Nale\u015bniki Hummus Pierogi z kapust\u0105 i grzybami Pierogi z mi\u0119sem Makaron z sosem pomidorowym Szybkie spaghetti Chilli con carne Sma\u017cone kanie (\"schabowy\") Tosty Pasta z makreli Krokiety Kapusta z grzybami Currywurst Kopytka Focaccia Curry dyniowe","rel":"","context":"Similar post","block_context":{"text":"Similar post","link":""},"img":{"alt_text":"","src":"","width":0,"height":0},"classes":[]},{"id":995,"url":"https:\/\/www.kuchniaklemensa.pl\/?page_id=995","url_meta":{"origin":985,"position":4},"title":"Dodatki do da\u0144","author":"damiankordian","date":"24 stycznia, 2021","format":false,"excerpt":"Majonez Grzanki Sos czosnkowo-zio\u0142owy Kluski \u015bl\u0105skie Sos grzybowy Twaro\u017cek ze szczypiorkiem i rzodkiewk\u0105 Pasta z fasoli Pasta z fasoli 2 Makaron Duszona m\u0142oda kapusta Guacamole Hummus Pasta z makreli Krokiety Kapusta z grzybami Tzatziki","rel":"","context":"Similar post","block_context":{"text":"Similar post","link":""},"img":{"alt_text":"","src":"","width":0,"height":0},"classes":[]},{"id":991,"url":"https:\/\/www.kuchniaklemensa.pl\/?page_id=991","url_meta":{"origin":985,"position":5},"title":"Wypieki","author":"damiankordian","date":"24 stycznia, 2021","format":false,"excerpt":"Ciasto Lion Zakwas na chleb Chleb pszenny na zakwasie Prosty chleb pszenny na zakwasie Kakaowiec bez pieczenia Ciasto Kinder Country Miodowniczek Torcik banoffee Bu\u0142ki pozna\u0144skie Tort wi\u015bniowo-czekoladowy Banoffee Ciasto z gruszkami Chleb \u017cytni na zakwasie Chleb z twarogu","rel":"","context":"Similar post","block_context":{"text":"Similar post","link":""},"img":{"alt_text":"","src":"","width":0,"height":0},"classes":[]}],"_links":{"self":[{"href":"https:\/\/www.kuchniaklemensa.pl\/index.php?rest_route=\/wp\/v2\/pages\/985","targetHints":{"allow":["GET"]}}],"collection":[{"href":"https:\/\/www.kuchniaklemensa.pl\/index.php?rest_route=\/wp\/v2\/pages"}],"about":[{"href":"https:\/\/www.kuchniaklemensa.pl\/index.php?rest_route=\/wp\/v2\/types\/page"}],"author":[{"embeddable":true,"href":"https:\/\/www.kuchniaklemensa.pl\/index.php?rest_route=\/wp\/v2\/users\/1"}],"replies":[{"embeddable":true,"href":"https:\/\/www.kuchniaklemensa.pl\/index.php?rest_route=%2Fwp%2Fv2%2Fcomments&post=985"}],"version-history":[{"count":3,"href":"https:\/\/www.kuchniaklemensa.pl\/index.php?rest_route=\/wp\/v2\/pages\/985\/revisions"}],"predecessor-version":[{"id":1563,"href":"https:\/\/www.kuchniaklemensa.pl\/index.php?rest_route=\/wp\/v2\/pages\/985\/revisions\/1563"}],"wp:attachment":[{"href":"https:\/\/www.kuchniaklemensa.pl\/index.php?rest_route=%2Fwp%2Fv2%2Fmedia&parent=985"}],"curies":[{"name":"wp","href":"https:\/\/api.w.org\/{rel}","templated":true}]}}